isor of 1 and x?
1
Suppose -11*b + 294 + 146 = 0. What is the highest common divisor of 260 and b?
20
Let m(w) = 2*w + 22. Let i be m(0). Let t = 140 + -138. Calculate the highest common factor of t and i.
2
Let s(f) = -167*f - 24. Let t be s(-12). Suppose -t = -4*b + 4*h, 0 = -4*h + h. Calculate the highest common factor of b and 45.
45
Suppose 7*s - 221 = -200. Suppose 4*o = -3*r + 54, o + 10 = r - 1. Suppose -f = -3*t + 7*t - r, s*t - 87 = -3*f. What is the highest common divisor of 85 and f?
17
Let g = -394 + 954. Calculate the greatest common divisor of 70 and g.
70
Let r = 50 + -33. Let x = 20 - 23. Let y be (-7)/((-21)/450) - x. Calculate the greatest common divisor of y and r.
17
Let j be 48/9*(-621)/6. Let d be (2/(-6))/(8/j). Calculate the greatest common divisor of d and 46.
23
Let a be (1*(-154)/(-33))/(2/3). Suppose 4*y = -y + 1560. Suppose d + 4*j = 69, 4*d + j - y = 3*j. Calculate the greatest common factor of a and d.
7
Let h(r) = 3*r**3 - 23*r**2 - 9. Let o be h(8). What is the greatest common factor of o and 15?
5
Let x(m) = 2*m**3 - 3*m**2 + 4*m - 4. Let b be x(3). Let r be (72/9)/(-8)*(331 - 0). Let u = r + 338. Calculate the greatest common factor of u and b.
7
Let d be 3*639/18 - (-15)/10. Suppose 32 = 5*n - 28. What is the greatest common divisor of d and n?
12
Let w(n) = 59*n**2 + 8*n + 3. Let r be w(-3). Let s = 6 + -4. Suppose -o + 4*h = -170, -3*o + 0*h = -s*h - r. Calculate the highest common factor of 34 and o.
34
Suppose -2*m - 5*v + 523 + 146 = 0, -m + 5*v + 357 = 0. Suppose d + 3*d = 3*y + m, -y - 2 = 0. What is the greatest common factor of 12 and d?
12
Let q(o) = -o**3 - 24*o**2 - 45*o - 4. Let c be q(-22). What is the greatest common factor of 288 and c?
18
Suppose -3*l + 106 = -461. What is the highest common divisor of l and 126?
63
Let m = 1297 + -1015. Calculate the highest common factor of 18 and m.
6
Let g = 0 - -3. Suppose 2*n = -g*n - 3*v - 32, 12 = -n - 2*v. Let o = n + 10. What is the highest common factor of o and 36?
6
Let m(g) = 5 - 5*g - 6 + 12*g. Suppose 2*q - 3 + 1 = 0. Let n be m(q). Calculate the highest common divisor of 30 and n.
6
Let n = -1614 - -1938. What is the highest common divisor of 27 and n?
27
Suppose -3*d - 38 = -2*j + 10, -j = 4*d - 13. Suppose 20*g - 3087 = -g. What is the highest common divisor of j and g?
21
Let v be 1*(-206)/3*(-57)/38. Suppose -v + 25 = -6*i. What is the highest common factor of 104 and i?
13
Suppose 116*v - 102*v - 4186 = 0. Calculate the highest common divisor of v and 46.
23
Suppose 8*q = 11*q - 21. Suppose -q*y = -19 - 51. What is the highest common divisor of y and 10?
10
Let m(r) = -r**2 - 16*r + 38. Let w be m(-18). Suppose 5*i + w*d - 173 = 0, 70 - 21 = i + 4*d. Calculate the highest common divisor of 11 and i.
11
Let f = 86 + 57. Calculate the greatest common factor of f and 52.
13
Let m(y) = y**3 + 13*y**2 - 2*y - 7. Let l be (8 - 7)*(-13)/1. Let g be m(l). What is the greatest common factor of 171 and g?
19
Suppose -187 - 135 = -7*h. What is the greatest common factor of 414 and h?
46
Let n be 29/(18 + -13 - (-9)/(-2)). Calculate the highest common divisor of 377 and n.
29
Let w(c) = 230*c**3 + 2*c**2 + c - 2. Let p be w(1). Calculate the highest common factor of p and 33.
33
Let i = 256 - 249. Calculate the highest common divisor of 7 and i.
7
Suppose -5*w - 156 = -3*c, 0 = 4*c - 2*w - 17 - 191. Calculate the greatest common factor of c and 130.
26
Let o be (5 - 3 - 1)*12. Let r(i) = 23*i - 7. Let t be r(5). Calculate the greatest common factor of o and t.
12
Let u(o) = 3*o - 41. Let r(p) = 2*p - 20. Let i(y) = 15*r(y) - 6*u(y). Let b be i(6). Calculate the highest common divisor of b and 63.
9
Suppose -l + 2*w + 7 = 0, 2*l - 7 - 1 = 2*w. Let o(t) = 5*t - 5. Let s be o(5). Suppose -16 = -4*f + s. Calculate the greatest common divisor of l and f.
1
Let k = -1 - -7. Suppose 6 = k*x - 5*x. Let s(n) = 13*n**2 + 2. Let z be s(-2). Calculate the highest common factor of z and x.
6
Let i be (-35)/(-21) + (-2)/(-6). Suppose 5*h = 3*h + i. Let z be 6*h/(-10)*-30. What is the highest common divisor of z and 2?
2
Let l be (-36)/90*(-10)/(-4). Let b(t) = 0*t - 2*t - 1 + 3*t**2 + 0. Let z be b(l). What is the highest common divisor of 10 and z?
2
Let i = -943 - -1048. What is the greatest common factor of 70 and i?
35
Let k be (8/2 - 1/(-5))*330. Calculate the highest common divisor of k and 18.
18
Suppose 22 = -5*b + 77. Let g = -2560 + 2561. What is the highest common divisor of g and b?
1
Suppose -4*t + 4*c = 28, t + 4*c + 11 = -11. Let v = t + 12. Let x be (v + -1 + -2)*-110. Calculate the greatest common factor of x and 10.
10
Suppose 15*w - 20*w = -5. Let a be (-1)/((-1)/(0 - (w + -2))). What is the highest common factor of a and 4?
1
Suppose -2*u - 3568 = -4*l, 3*l - 5*l + 1780 = u. What is the highest common divisor of 162 and l?
81
Let b be ((-492)/48)/(((-2)/16)/1). Let a = b - 69. What is the greatest common factor of a and 91?
13
Let a be 1 - -19 - (-4)/(-24)*0. Suppose 2*q + q = 3*u - 15, 2*q - 32 = -5*u. Let g(o) = 2*o + 8. Let s be g(u). What is the greatest common factor of a and s?
20
Let g(r) = r**2 - 4*r - 4. Let h be g(6). Let a be (-8)/(-10) + 16432/260. Calculate the greatest common factor of h and a.
8
Let w = 32 - 72. Let i = w - -112. What is the greatest common factor of i and 9?
9
Suppose 4*t + 0*t + 16 = 0, -t = g - 18. Suppose 2*u = 3*m + 54, 22 = u + 2*m - 19. What is the greatest common factor of u and g?
11
Suppose -75 = -5*j - 5*g, -4*j + 2*g = -149 + 59. Calculate the highest common factor of 460 and j.
20
Let p = -111 + 62. Let j be 2*(p/(-2) - 2). Let v be 4/(-14) + (-130)/(-14). What is the highest common divisor of v and j?
9
Suppose 22 = -2*s + 386. Let j(y) = -y**3 + 7*y**2 + 7*y - 52. Let x be j(6). Calculate the greatest common divisor of x and s.
26
Suppose 24 = 5*n + 79. Let f = n - -18. What is the greatest common divisor of f and 77?
7
Suppose 358 = -3*b + 391. What is the greatest common divisor of 4 and b?
1
Let x(y) be the third derivative of -61*y**4/24 - y**3/6 - 2*y**2. Let d be x(-1). Let m be (d/8)/((-6)/(-8)). What is the greatest common factor of 15 and m?
5
Suppose 3*o + o = -8. Let b = 8 + o. Let y = 38 + -20. Calculate the greatest common divisor of y and b.
6
Suppose 0 = 5*y + a - 11, -6*y + 9*y = -2*a + 1. Suppose 0 = i + 2*x - 56, 2*x = -y*i - x + 168. Calculate the greatest common factor of 112 and i.
56
Let d = 53 + -32. Calculate the greatest common factor of d and 56.
7
Let v(o) = -o**3 + 3*o**2 + 3. Let j be v(3). Suppose -j*t = -1 - 5. Let l be t/(-4) + 45/10. What is the greatest common divisor of l and 12?
4
Let v = -39 - -3. Let p = -17 - v. Calculate the highest common divisor of p and 209.
19
Let o = 1 - -19. Suppose 4*b + 2*q = 16, q - 2*q = -5*b + o. Suppose -b*h = -41 - 7. Calculate the greatest common divisor of 24 and h.
12
Suppose -4*m - i = -458, 0*m - i = m - 116. What is the highest common divisor of m and 38?
38
Let f = -220 + 231. Calculate the greatest common factor of 22 and f.
11
Let d = 6 + -7. Let p = d - -7. Let o be (25/15 + 2/(-3))*3. What is the greatest common divisor of p and o?
3
Let x be (36 - (3 - 4))*1. Let b = 45 - x. Let k be (22 + 0)*4*1. Calculate the greatest common divisor of b and k.
8
Let w(i) = 2*i**2 - 15*i - 14. Let s be w(-1). Let g be s/(-9)*-159 + -3. Calculate the greatest common factor of g and 550.
50
Suppose 0 = -12*i + 168 + 60. What is the greatest common divisor of i and 209?
19
Let o(w) = -w**3 + 26*w**2 + 115*w - 58. Let l be o(29). What is the greatest common divisor of l and 78?
26
Let t = 7 + 11. Suppose -2*q = 3*d + 3 - 30, 0 = -3*d + q + t. What is the highest common factor of d and 77?
7
Let j(c) = -3*c + 422. Let z be j(-37). Calculate the highest common divisor of 123 and z.
41
Let w(g) = -g**3 - 3*g**2 + 3*g + 8. Let a(h) = -h + 5. Let t be a(10). Let r be w(t). What is the greatest common divisor of r and 43?
43
Suppose r = -1 + 6, 4*k - 36 = -4*r. Suppose -3*t - 520 = -k*i + 128, 5*t - 845 = -5*i. What is the greatest common divisor of 15 and i?
15
Suppose o - 2 = 0, 0 = 5*b + 2*o - 6*o - 1792. What is the highest common factor of 270 and b?
90
Let u = 268 - 125. Let v be (-156)/3*(-10)/(-8). Let h be 2/(-5*2/v). Calcula